
In base 14, what is -32b64a + -22?
-32b66c
In base 5, what is -2243044 + 332120?
-1410424
In base 8, what is 246 + -55350?
-55102
In base 9, what is -5 - -71153267?
71153262
In base 13, what is -2732 + -31ba?
-591c
In base 13, what is -16 + -7bb075?
-7bb08b
In base 16, what is 1301 + 358cf?
36bd0
In base 14, what is -7 - 6247c?
-62485
In base 7, what is -4202404 - -315?
-4202056
In base 16, what is 4 + 1a9daa?
1a9dae
In base 15, what is -1456 - -6821?
53ba
In base 7, what is -3 + -460013645?
-460013651
In base 6, what is -3 + -25121353150?
-25121353153
In base 10, what is -4506830 + 8?
-4506822
In base 10, what is 1806421 - -5?
1806426
In base 10, what is 169 - 219143?
-218974
In base 9, what is 2834034 - 7?
2834026
In base 15, what is 6a2742 + -13?
6a272e
In base 9, what is -472 - -243235?
242653
In base 11, what is 6 - -6033437?
6033442
In base 3, what is 212 + 2122120011?
2122121000
In base 16, what is 5 + 1313947?
131394c
In base 9, what is 1333026 + -82?
1332834
In base 2, what is -110011100110101010 - -1101000101011?
-110001111101111111
In base 5, what is 12013022 + -112340?
11400132
In base 2, what is -101001101100000000101 - 1011001?
-101001101100001011110
In base 10, what is 15978271 - 32?
15978239
In base 6, what is 33022 + -214210?
-141144
In base 8, what is 5232133 - 12?
5232121
In base 14, what is -7 + 59647?
59640
In base 6, what is -3203054050 + -4?
-3203054054
In base 9, what is 388323 - 3811?
384412
In base 10, what is 269887 - -80?
269967
In base 13, what is 19abcb + 1193?
19c091
In base 15, what is d8d + -2088?
-11ea
In base 7, what is -33533 + 1104?
-32426
In base 8, what is 12723 - 6651?
4052
In base 4, what is 23033203212300 + -1?
23033203212233
In base 7, what is -45552 + 610?
-44642
In base 5, what is 11142422 - -433?
11143410
In base 13, what is -53 + -33ab0a?
-33ab60
In base 13, what is c61c3 + 4?
c61c7
In base 14, what is 20b1496a - 5?
20b14965
In base 8, what is 3443124 + -7?
3443115
In base 4, what is -110032013012 + 0?
-110032013012
In base 10, what is 70901784 + 5?
70901789
In base 5, what is 1131341120 + -42?
1131341023
In base 3, what is -1001020001001 - -202?
-1001020000022
In base 5, what is -3 + 4003203403?
4003203400
In base 8, what is 1115040 - -300?
1115340
In base 11, what is 98836508 + 5?
98836512
In base 10, what is 4 + 4696482?
4696486
In base 11, what is 5610a87 - -5?
5610a91
In base 7, what is -16312 + -524163?
-543505
In base 8, what is -702 - -10332?
7430
In base 6, what is -242 + -210422224?
-210422510
In base 14, what is 9c02 + -2dda?
6c06
In base 13, what is -5538c1 + -180?
-553a71
In base 15, what is 2e841 - -253?
2ea94
In base 9, what is 22001 + -54?
21836
In base 8, what is -1343400 - 40?
-1343440
In base 14, what is 7831 + -da7c?
-624b
In base 14, what is 1 + -145419c1?
-145419c0
In base 6, what is 20312 - 231444?
-211132
In base 4, what is -13331213013302 + 10?
-13331213013232
In base 15, what is e13 - -2701?
3614
In base 14, what is -26 + 157637?
157611
In base 5, what is -1333314 + -1344?
-1340213
In base 16, what is -58435b - -2?
-584359
In base 7, what is 610 + -62065?
-61155
In base 9, what is 45 - 12462825?
-12462770
In base 5, what is 323 + 10432012?
10432340
In base 3, what is -112202222200011 - -110?
-112202222122201
In base 2, what is 1000111001000000 + -100?
1000111000111100
In base 16, what is 4b + -6595f3?
-6595a8
In base 4, what is 233030200002 - -3?
233030200011
In base 15, what is 1 - 15ce293?
-15ce292
In base 16, what is -8070 - -21c?
-7e54
In base 14, what is -354 + -4b97?
-510b
In base 11, what is -3565a1 - 32?
-356623
In base 7, what is 14365 - 33152?
-15454
In base 12, what is -5078bb - 4?
-507903
In base 15, what is -468 - -396?
-c2
In base 4, what is 2112312130 - 111?
2112312013
In base 9, what is -37005 + 7300?
-28605
In base 2, what is -1110011010111 - 101010000000?
-10011101010111
In base 5, what is 223 + -100042?
-44314
In base 2, what is -100000101101100110010 - -101?
-100000101101100101101
In base 7, what is 312 + 263243?
263555
In base 16, what is -28b050f + -6?
-28b0515
In base 14, what is -2 + 1633545?
1633543
In base 14, what is -c + -2cbd51b?
-2cbd529
In base 2, what is 10010110111001001110 - -111010?
10010110111010001000
In base 4, what is -12200321 - -11013?
-12123302
In base 9, what is -28 - 23455336?
-23455365
In base 6, what is -414254 - -443?
-413411
In base 4, what is 102 - 3333220311012?
-3333220310310
In base 15, what is 92 + -204e4?
-20452
In base 10, what is -14614 - -47?
-14567
In base 6, what is -12140012 + -2?
-12140014
In base 13, what is 4 - 1230bb92?
-1230bb8b
In base 11, what is -2546463 + 1?
-2546462
In base 5, what is -10300122 - 3240?
-10303412
In base 4, what is -13020231102 + 11?
-13020231031
In base 2, what is 11010010111001101010 - -1100?
11010010111001110110
In base 5, what is 2221403 + 423112?
3200020
In base 10, what is -7717 - 1570?
-9287
In base 13, what is -33b718 + 0?
-33b718
In base 4, what is -20302100 + -2222?
-20310322
In base 12, what is 2b6a9a + 2?
2b6aa0
In base 11, what is -57470 + -1216?
-58686
In base 2, what is -110110011110000111111100110 + -11?
-110110011110000111111101001
In base 4, what is -3210 - -30201200020?
30201130210
In base 5, what is 22041220 - -203?
22041423
In base 8, what is 74317423 + 11?
74317434
In base 5, what is -44113033 - -140?
-44112343
In base 12, what is -11a + a4342?
a4224
In base 13, what is 69 - 4c806?
-4c76a
In base 8, what is -712336 - 23?
-712361
In base 10, what is 62292 + -4157?
58135
In base 16, what is 8603ce4 + -5?
8603cdf
In base 10, what is -345 - -19248?
18903
In base 2, what is 100001011000111100111001011101 + 10?
100001011000111100111001011111
In base 10, what is 167 + 91983?
92150
In base 4, what is 2200 + 3110202103?
3110210303
In base 8, what is -446754 - -24?
-446730
In base 8, what is -2025173 + 3?
-2025170
In base 5, what is -2012 - -111220123?
111213111
In base 13, what is -1052c46 - 5?
-1052c4b
In base 16, what is 11b62d10 - 0?
11b62d10
In base 13, what is 72595 + -2?
72593
In base 8, what is 15237 + -631363?
-614124
In base 8, what is 5112 + -7475?
-2363
In base 10, what is -273 + 180818?
180545
In base 14, what is -2 + 29d876?
29d874
In base 14, what is 13c3d0 - d0?
13c300
In base 12, what is 1420343b4 + -3?
1420343b1
In base 7, what is 5225664 - 20?
5225644
In base 16, what is 864501 + -1?
864500
In base 14, what is a446 - -57b?
a9c3
In base 2, what is 11101011 - -11110001110111011?
11110010010100110
In base 6, what is 10534 - -233?
11211
In base 16, what is 5 + -33427d3?
-33427ce
In base 11, what is -362 - -418?
66
In base 10, what is 2 - -417628919?
417628921
In base 9, what is 1342 - 8253?
-6811
In base 10, what is 141328 - -427?
141755
In base 5, what is -440 + 141124001?
141123011
In base 16, what is -3 - 816b33?
-816b36
In base 14, what is 5837556 - 1?
5837555
In base 15, what is 95 + 16b452?
16b4e7
In base 4, what is 31022001 + -3131?
31012210
In base 13, what is -1392 + 373?
-101c
In base 6, what is 15510 - -430?
20340
In base 15, what is 82e9 + -8e7?
7902
In base 15, what is d13c4727 + 1?
d13c4728
In base 6, what is 3 - -15520541504?
15520541511
In base 4, what is -2 - 33000231210?
-33000231212
In base 5, what is -123121 + -11043312?
-11221433
In base 8, what is 1102 + -16523?
-15421
In base 3, what is 1101002011 + -21221?
1100210020
In base 3, what is 111222122002 - 102?
111222121200
In base 11, what is -3013691 - -5?
-3013687
In base 5, what is 231033431204 + 3?
231033431212
In base 16, what is 41a8 + 2e48?
6ff0
In base 5, what is -14402214021 + -4?
-14402214030
In base 3, what is 1211 + -11101012200?
-11101010212
In base 4, what is 313330 + 212323112?
213303102
In base 11, what is 19111495 + -3?
19111492
In base 5, what is 11230430 - -203413?
11434343
In base 10, what is -337063 - -175?
-336888
In base 13, what is -52010 - 279?
-52289
In base 11, what is 4 + -5a085a?
-5a0856
In base 9, what is 75 + 2718607?
2718683
In base 16, what is -177 - 23cce9?
-23ce60
In base 11, what is 19 - 2a8166?
-2a8148
In base 7, what is 3042 + -4121040?
-4114665
In base 12, what is 227066 - -99?
227143
In base 10, what is 569 - 41463?
-40894
In base 10, what is 10379 + -67051?
-56672
In base 10, what is -9546 - 3132?
-12678
In base 13, what is c4848 + 3?
c484b
In ba